 digit of 60319029?
2
What is the ten thousands digit of 11174123?
7
What is the units digit of 266947080?
0
What is the hundreds digit of 38801574?
5
What is the units digit of 13342245?
5
What is the millions digit of 2187619060?
7
What is the hundred millions digit of 272896372?
2
What is the hundreds digit of 66516639?
6
What is the millions digit of 2003524614?
3
What is the hundreds digit of 664333746?
7
What is the ten thousands digit of 34749643?
4
What is the units digit of 250922435?
5
What is the ten thousands digit of 50568711?
6
What is the thousands digit of 194579087?
9
What is the tens digit of 116693846?
4
What is the hundred millions digit of 217645760?
2
What is the units digit of 1453162486?
6
What is the ten thousands digit of 75427619?
2
What is the millions digit of 1337660902?
7
What is the thousands digit of 1203547907?
7
What is the units digit of 5277947?
7
What is the units digit of 2326610655?
5
What is the tens digit of 82097738?
3
What is the millions digit of 23658022?
3
What is the millions digit of 309235015?
9
What is the hundreds digit of 31086097?
0
What is the hundreds digit of 12658897?
8
What is the hundreds digit of 37143334?
3
What is the millions digit of 161307086?
1
What is the hundreds digit of 2854963771?
7
What is the tens digit of 2256731601?
0
What is the hundred thousands digit of 826040292?
0
What is the millions digit of 87523378?
7
What is the hundred thousands digit of 383598898?
5
What is the thousands digit of 1017124727?
4
What is the hundreds digit of 4546380?
3
What is the millions digit of 25201737?
5
What is the millions digit of 388367460?
8
What is the hundreds digit of 56175946?
9
What is the hundreds digit of 497751081?
0
What is the ten millions digit of 16903562?
1
What is the hundred thousands digit of 508880936?
8
What is the ten thousands digit of 6848624544?
2
What is the hundred millions digit of 103408892?
1
What is the tens digit of 65058878?
7
What is the thousands digit of 1178402162?
2
What is the hundreds digit of 4613679819?
8
What is the thousands digit of 40461253?
1
What is the hundreds digit of 17156716?
7
What is the units digit of 4210535781?
1
What is the ten thousands digit of 16179433?
7
What is the hundreds digit of 30760214?
2
What is the ten millions digit of 1139771480?
3
What is the tens digit of 175905314?
1
What is the tens digit of 89789160?
6
What is the units digit of 337622242?
2
What is the units digit of 38469189?
9
What is the thousands digit of 110843343?
3
What is the millions digit of 47146013?
7
What is the hundred millions digit of 2577472172?
5
What is the units digit of 3680633508?
8
What is the hundreds digit of 44389628?
6
What is the tens digit of 2317116?
1
What is the hundreds digit of 21780799?
7
What is the ten millions digit of 25448520?
2
What is the tens digit of 251764935?
3
What is the thousands digit of 49271110?
1
What is the thousands digit of 1635716073?
6
What is the ten millions digit of 109041525?
0
What is the millions digit of 2930597025?
0
What is the ten millions digit of 186760704?
8
What is the thousands digit of 209075998?
5
What is the hundred millions digit of 239332076?
2
What is the hundred millions digit of 545769597?
5
What is the millions digit of 438099863?
8
What is the hundred thousands digit of 7692923?
6
What is the hundred thousands digit of 6926813?
9
What is the ten thousands digit of 424807415?
0
What is the hundred thousands digit of 578227319?
2
What is the hundred millions digit of 1268954672?
2
What is the tens digit of 654358568?
6
What is the units digit of 727700609?
9
What is the millions digit of 1150252588?
0
What is the units digit of 181791323?
3
What is the ten thousands digit of 75368130?
6
What is the hundred thousands digit of 102754342?
7
What is the hundred thousands digit of 91258554?
2
What is the units digit of 250752343?
3
What is the ten thousands digit of 273661101?
6
What is the ten millions digit of 3718474839?
1
What is the ten thousands digit of 44709341?
0
What is the tens digit of 218844512?
1
What is the hundred millions digit of 377809119?
3
What is the billions digit of 5611629393?
5
What is the units digit of 327291629?
9
What is the ten thousands digit of 144853422?
5
What is the tens digit of 36065954?
5
What is the millions digit of 222393446?
2
What is the hundred thousands digit of 1642033947?
0
What is the thousands digit of 482782726?
2
What is the hundred thousands digit of 35552314?
5
What is the tens digit of 3218856?
5
What is the hundred thousands digit of 8615554?
6
What is the thousands digit of 33604997?
4
What is the thousands digit of 643335581?
5
What is the units digit of 173337847?
7
What is the tens digit of 970559762?
6
What is the ten millions digit of 533769324?
3
What is the ten thousands digit of 46319466?
1
What is the ten thousands digit of 486570770?
7
What is the hundred thousands digit of 411617951?
6
What is the millions digit of 223245709?
3
What is the ten millions digit of 1966834743?
6
What is the units digit of 85427520?
0
What is the millions digit of 53284875?
3
What is the hundred thousands digit of 21598868?
5
What is the tens digit of 51610076?
7
What is the millions digit of 26502330?
6
What is the units digit of 356508223?
3
What is the millions digit of 3597328821?
7
What is the hundreds digit of 3174835926?
9
What is the units digit of 52697420?
0
What is the thousands digit of 27399391?
9
What is the ten thousands digit of 378902291?
0
What is the tens digit of 275086910?
1
What is the units digit of 3481317795?
5
What is the units digit of 1141654666?
6
What is the ten thousands digit of 73276879?
7
What is the hundred millions digit of 138473211?
1
What is the millions digit of 52388322?
2
What is the thousands digit of 3884925?
4
What is the tens digit of 64775746?
4
What is the millions digit of 723477685?
3
What is the hundred thousands digit of 28423914?
4
What is the tens digit of 26923065?
6
What is the hundreds digit of 344700843?
8
What is the tens digit of 2181326963?
6
What is the hundred thousands digit of 440577187?
5
What is the ten millions digit of 46614878?
4
What is the ten millions digit of 87592725?
8
What is the ten thousands digit of 108407901?
0
What is the hundred millions digit of 2661137411?
6
What is the units digit of 1666539?
9
What is the ten millions digit of 293604351?
9
What is the ten millions digit of 583732004?
8
What is the millions digit of 1789945619?
9
What is the hundred thousands digit of 112457078?
4
What is the hundreds digit of 329838897?
8
What is the ten thousands digit of 38146146?
4
What is the hundreds digit of 136737371?
3
What is the thousands digit of 1437526829?
6
What is the ten thousands digit of 2824662612?
6
What is the ten thousands digit of 1539201525?
0
What is the ten millions digit of 2202473842?
0
What is the hundred millions digit of 109382996?
1
What is the millions digit of 93603466?
3
What is the hundreds digit of 56330739?
7
What is the thousands digit of 535224618?
4
What is the tens digit of 12312668?
6
What is the millions digit of 1474011323?
4
What is the ten millions digit of 1350452826?
5
What is the hundreds digit of 460100600?
6
What is the hundreds digit of 609988604?
6
What is the hundreds digit of 6751953?
9
What is the tens digit of 78037610?
1
What is the tens digit of 24341011?
1
What is the ten thousands digit of 2842669441?
6
What is the millions digit of 6228877030?
8
What is the ten millions digit of 119635420?
1
What is the thousands digit of 5074491?
4
What is the hundreds digit of 44800330?
3
What is the ten millions digit of 71894586?
7
What is the ten thousands digit of 31604716?
0
What is the hundred millions digit of 2125698101?
1
What is the units digit of 72031342?
2
What is the units digit of 38028058?
8
What is the hundred millions digit of 1736435376?
7
What is the hundreds digit of 3829309930?
9
What is the hundreds digit of 9868809?
8
What is the hundred millions digit of 5189197776?
1
What is the units digit of 403194517?
7
What is the millions digit of 115797865?
5
What is the ten millions digit of 59645663?
5
What is the ten thousands digit of 1163035887?
3
What is the tens digit of 695777635?
3
What is th